{"id":114,"date":"2018-04-26T02:17:33","date_gmt":"2018-04-26T02:17:33","guid":{"rendered":"http:\/\/academico.fisica.ru\/?page_id=114"},"modified":"2018-04-26T02:41:59","modified_gmt":"2018-04-26T02:41:59","slug":"sesion-30-de-abril","status":"publish","type":"page","link":"https:\/\/academico.fisica.ru\/index.php\/sesion-30-de-abril\/","title":{"rendered":"Sesi\u00f3n 30 de Abril 2018"},"content":{"rendered":"<p>DOCUMENTOS:<\/p>\n<ol>\n<li><a href=\"http:\/\/academico.fisica.ru\/wp-content\/uploads\/sites\/5\/2018\/04\/Agenda-Consejo-Academico-10.docx\">Agenda Consejo Academico <\/a><\/li>\n<li><a href=\"http:\/\/academico.fisica.ru\/wp-content\/uploads\/sites\/5\/2018\/04\/CALENDARIO-PRESENCIAL-2018-2-Salud.docx\">CALENDARIO PRESENCIAL 2018-2 Salud<\/a><\/li>\n<li><a href=\"http:\/\/academico.fisica.ru\/wp-content\/uploads\/sites\/5\/2018\/04\/CALENDARIO-PRESENCIAL-2018-2-Ingenier\u00edas.docx\">CALENDARIO PRESENCIAL 2018-2 &#8211; Ingenier\u00edas<\/a><\/li>\n<li><a href=\"http:\/\/academico.fisica.ru\/wp-content\/uploads\/sites\/5\/2018\/04\/CALENDARIO-PRESENCIAL-2018-2-Educaci\u00f3n.docx\">CALENDARIO PRESENCIAL 2018-2 &#8211; Educaci\u00f3n<\/a><\/li>\n<li><a href=\"http:\/\/academico.fisica.ru\/wp-content\/uploads\/sites\/5\/2018\/04\/CALENDARIO-PRESENCIAL-2018-2-Econ\u00f3micas.docx\">CALENDARIO PRESENCIAL 2018-2 &#8211; Econ\u00f3micas<\/a><\/li>\n<li><a href=\"http:\/\/academico.fisica.ru\/wp-content\/uploads\/sites\/5\/2018\/04\/CALENDARIO-PRESENCIAL-2018-2-B\u00e1sicas.docx\">CALENDARIO PRESENCIAL 2018-2 &#8211; B\u00e1sicas<\/a><\/li>\n<li><a href=\"http:\/\/academico.fisica.ru\/wp-content\/uploads\/sites\/5\/2018\/04\/CALENDARIO-PRESENCIAL-2018-2-Artes.docx\">CALENDARIO PRESENCIAL 2018-2 &#8211; Artes<\/a><\/li>\n<li><a href=\"http:\/\/academico.fisica.ru\/wp-content\/uploads\/sites\/5\/2018\/04\/CALENDARIO-PRESENCIAL-2018-2-Agrarias.docx\">CALENDARIO PRESENCIAL 2018-2 &#8211; Agrarias<\/a><\/li>\n<li><a href=\"http:\/\/academico.fisica.ru\/wp-content\/uploads\/sites\/5\/2018\/04\/Inscripciones-Distancia.docx\">Inscripciones Distancia<\/a><\/li>\n<li><a href=\"http:\/\/academico.fisica.ru\/wp-content\/uploads\/sites\/5\/2018\/04\/MERITORIA-LIZARAZO-VANEGAS-ANA-KATHERIN.pdf\">MERITORIA LIZARAZO VANEGAS ANA KATHERIN<\/a><\/li>\n<\/ol>\n<p>AGENDA:<\/p>\n<p>Lugar: Sede Villa del Rosario<\/p>\n<p>Hora: 8:30 a.m.<\/p>\n<p><strong>ORDEN DEL DIA:<\/strong><\/p>\n<ol>\n<li>Verificaci\u00f3n del qu\u00f3rum<\/li>\n<li>Aprobaci\u00f3n del orden del d\u00eda<\/li>\n<li>Aprobaci\u00f3n del acta No. 008 y 009<\/li>\n<li>Informe de gesti\u00f3n por parte del coordinador acad\u00e9mico de la sede Villa del Rosario (<span style=\"font-size: 1rem\">profesor Mario Vargas).<\/span><\/li>\n<li>Seguimiento a las actas\n<ol>\n<li>Informe decanos<\/li>\n<li>Seguimiento al pliego de peticiones de los estudiantes<\/li>\n<li>Pol\u00edticas acad\u00e9micas<\/li>\n<li>Solicitud de UNDEPTCUP<\/li>\n<\/ol>\n<\/li>\n<li>Aprobaci\u00f3n de acuerdos\n<ol>\n<li>6<span style=\"font-size: 1rem\">.1 Por el cual se conceden unos duplicados de diploma (4)<\/span><\/li>\n<li><span style=\"font-size: 1rem\">6.2 Por el cual se conceden una distinci\u00f3n meritoria<\/span><\/li>\n<li><span style=\"font-size: 1rem\">6.3 Por el cual se aprueba el calendario de inscripciones para el segundo periodo acad\u00e9mico del a\u00f1o 2018 de los programas de pregrado modalidad Distancia.<\/span><\/li>\n<li><span style=\"font-size: 1rem\">6.4 Por el cual se aprueba el calendario acad\u00e9mico para el segundo per\u00edodo del a\u00f1o 2018 de los programas de pregrado presencial de la Facultad de Ciencias Agrarias.<\/span><\/li>\n<li><span style=\"font-size: 1rem\">6.5 Por el cual se aprueba el calendario acad\u00e9mico para el segundo per\u00edodo del a\u00f1o 2018 de los programas de pregrado presencial de la Facultad de Artes y Humanidades.<\/span><\/li>\n<li><span style=\"font-size: 1rem\">6.6 Por el cual se aprueba el calendario acad\u00e9mico para el segundo per\u00edodo del a\u00f1o 2018 de los programas de pregrado presencial de la Facultad de Ciencias B\u00e1sicas.<\/span><\/li>\n<li><span style=\"font-size: 1rem\">6.7 Por el cual se aprueba el calendario acad\u00e9mico para el segundo per\u00edodo del a\u00f1o 2018 de los programas de pregrado presencial de la Facultad de Ciencias Econ\u00f3micas y Empresariales.<\/span><\/li>\n<li><span style=\"font-size: 1rem\">6.8 Por el cual se aprueba el calendario acad\u00e9mico para el segundo per\u00edodo del a\u00f1o 2018 de los programas de pregrado presencial de la Facultad de Ciencias Educaci\u00f3n.<\/span><\/li>\n<li><span style=\"font-size: 1rem\">6.9 Por el cual se aprueba el calendario acad\u00e9mico para el segundo per\u00edodo del a\u00f1o 2018 de los programas de pregrado presencial de la Facultad de Ingenier\u00edas y Arquitectura.<\/span><\/li>\n<li>6.10 Por el cual se aprueba el calendario acad\u00e9mico para el segundo per\u00edodo del a\u00f1o 2018 de los programas de pregrado presencial (excepto Medicina) de la Facultad de Salud y el curso de educaci\u00f3n continua Prem\u00e9dico.7.1 Por el cual se conceden unas comisiones para atender una invitaci\u00f3n (Jes\u00fas Alberto Mendoza Ibarra y Jos\u00e9 Fl\u00f3rez G\u00e9lvez)<\/li>\n<\/ol>\n<\/li>\n<li>Recomendaci\u00f3n de acuerdos\n<ol>\n<li>7.1 Por el cual se conceden unas comisiones para atender una invitaci\u00f3n (Jes\u00fas Alberto Mendoza Ibarra y Jos\u00e9 Fl\u00f3rez G\u00e9lvez)<\/li>\n<\/ol>\n<\/li>\n<li>Correspondencia y varios\n<ol>\n<li>8.1 Movilidades (docentes: Lineed Yaninit Torres Vega, Jacipt Alexander Ram\u00f3n Valencia, Eliana Elizabeth Rivera Capacho, Ginna Viviana P\u00e9rez Reyes, Juan Carlos Serrano Rico, Nelson Josu\u00e9 Fern\u00e1ndez Parada. Estudiante: Darvis Rene Espitia Vel\u00e1ndia)<\/li>\n<li>8.2 Solicitudes de los Consejos de Facultad (5)<\/li>\n<li>8.3 Solicitudes de estudiantes (2)<\/li>\n<\/ol>\n<\/li>\n<\/ol>\n","protected":false},"excerpt":{"rendered":"<p>DOCUMENTOS: Agenda Consejo Academico CALENDARIO PRESENCIAL 2018-2 Salud CALENDARIO PRESENCIAL 2018-2 &#8211; Ingenier\u00edas CALENDARIO PRESENCIAL 2018-2 &#8211; Educaci\u00f3n CALENDARIO PRESENCIAL 2018-2 &#8211; Econ\u00f3micas CALENDARIO PRESENCIAL 2018-2 &#8211; B\u00e1sicas CALENDARIO PRESENCIAL &hellip; <\/p>\n<p class=\"link-more\"><a href=\"https:\/\/academico.fisica.ru\/index.php\/sesion-30-de-abril\/\" class=\"more-link\">Continuar leyendo<span class=\"screen-reader-text\"> \u00abSesi\u00f3n 30 de Abril 2018\u00bb<\/span><\/a><\/p>\n","protected":false},"author":4,"featured_media":0,"parent":0,"menu_order":0,"comment_status":"closed","ping_status":"closed","template":"","meta":{"footnotes":""},"class_list":["post-114","page","type-page","status-publish","hentry"],"_links":{"self":[{"href":"https:\/\/academico.fisica.ru\/index.php\/wp-json\/wp\/v2\/pages\/114","targetHints":{"allow":["GET"]}}],"collection":[{"href":"https:\/\/academico.fisica.ru\/index.php\/wp-json\/wp\/v2\/pages"}],"about":[{"href":"https:\/\/academico.fisica.ru\/index.php\/wp-json\/wp\/v2\/types\/page"}],"author":[{"embeddable":true,"href":"https:\/\/academico.fisica.ru\/index.php\/wp-json\/wp\/v2\/users\/4"}],"replies":[{"embeddable":true,"href":"https:\/\/academico.fisica.ru\/index.php\/wp-json\/wp\/v2\/comments?post=114"}],"version-history":[{"count":4,"href":"https:\/\/academico.fisica.ru\/index.php\/wp-json\/wp\/v2\/pages\/114\/revisions"}],"predecessor-version":[{"id":129,"href":"https:\/\/academico.fisica.ru\/index.php\/wp-json\/wp\/v2\/pages\/114\/revisions\/129"}],"wp:attachment":[{"href":"https:\/\/academico.fisica.ru\/index.php\/wp-json\/wp\/v2\/media?parent=114"}],"curies":[{"name":"wp","href":"https:\/\/api.w.org\/{rel}","templated":true}]}}